e 1/(((-9)/f)/3). Let n(l) = -l**3 - 4*l**2 + l**k + 6 - 3*l - 2*l**2 - 9. Give n(-5).
12
Suppose -4*l + q = -q - 18, -4*l + 5*q = -15. Suppose -5*t - 2 + 12 = 0. Let m(f) = -4 + f**2 - 5*f + 0*f**t + 0*f**2 + 0. What is m(l)?
-4
Let q(c) = 11*c**2 - 9*c**3 + 11*c**3 + 4 - 13*c - 3*c**3 + 2*c**3. Suppose t + 3 = 0, 5*r - 5*t + 48 = -t. What is q(r)?
16
Let g(b) = -6*b**3 + 22*b**2 + 8*b + 149. Let w(y) = -8*y**3 + 23*y**2 + 8*y + 168. Let d(m) = 5*g(m) - 4*w(m). Calculate d(-9).
1
Let t(k) = -k**2 + 13*k + 39. Suppose -63 - 121 + 91 = 31*w. Calculate t(w).
-9
Let j = -8 - -10. Let w(a) = 9 + 8 + 2*a - 4*a**2 + 3*a**2 - 19 + 3. Give w(j).
1
Suppose 25*m = 5*y + 26*m + 24, 4*m + 16 = 0. Let c(u) = 3*u - 3 + 2*u - 6*u - 2. Determine c(y).
-1
Let c(i) = i - 3. Let b be c(6). Suppose b*w = -w - 3*d - 20, 0 = 2*d + 8. Let o(r) = r**3 + r**2 - r - 1. Let k be o(w). Let z(h) = 4*h - 1. What is z(k)?
-13
Let p(b) = -2*b**2 + 16*b + 10. Let k(t) = -14*t**2 + 83*t + 14. Let w be k(6). Give p(w).
10
Let i be 345 + -10*-3*(-4)/24. Let w(u) = 159 + 172 - i + 0*u - 2*u. Give w(-6).
3
Let l(b) = -5*b**2 + 10*b + 9 - 3 - 2. Let r(m) be the second derivative of 3*m**4/4 - 19*m**3/6 - 3*m**2 - 1200*m. Let t(j) = -7*l(j) - 4*r(j). Give t(6).
-4
Suppose -4*y + 26 = 14. Suppose -6 + 3 = -3*q - 4*s, y*q - 6 = -3*s. Let f(a) = 24 - a**2 - 9 - 5*a**2 + q*a**2. Determine f(0).
15
Let w(x) = -17 + 17 - 5*x - 4*x + 3 + 4*x. What is w(1)?
-2
Let j(d) be the first derivative of d**3/3 - d**2 - 3*d - 72. Let z(x) = 6*x**2 - 11*x - 17. Let f(g) = 11*j(g) - 2*z(g). Calculate f(-2).
-3
Let s(u) = -12*u**2 - 5. Let g(a) be the second derivative of 25*a**4/12 + 11*a**2/2 - 3*a. Let r = 139 - 133. Let b(k) = r*g(k) + 13*s(k). What is b(-1)?
-5
Let o(d) = 3*d**2 - d. Let p = 108 - 105. Suppose 0 = -p*k - 1 - 2. Determine o(k).
4
Let h(l) be the second derivative of l**5/10 + l**4/12 + l**3/3 - l**2 - 1077*l. Give h(2).
22
Let i(r) = 13*r - 83. Let m = -10456 + 10462. Calculate i(m).
-5
Let f(r) = -3*r**2 - 45*r - 3. Let l(h) = -5*h**2 - 68*h - 4. Let q(p) = 3*f(p) - 2*l(p). What is q(0)?
-1
Let w(r) = -2*r**2 + 22*r - 16*r - 8*r - 3*r. What is w(-1)?
3
Let w = 2671 + -2678. Let j(i) be the second derivative of 2/3*i**4 + 1/20*i**5 + 4/3*i**3 + 0 + 9/2*i**2 - 2*i. Give j(w).
2
Let v = -113 - -139. Suppose -v*b - 78 = 78. Let o(x) = x - 5. Give o(b).
-11
Let q(b) be the third derivative of -b**4/24 + 35*b**3/6 - 2*b**2 - 2*b - 2244. Calculate q(32).
3
Let h(p) = p - 1. Let x(y) be the second derivative of 3*y**3 + 3*y**2/2 - 55*y - 2. Let f(m) = -2*h(m) - x(m). Calculate f(1).
-21
Let x(r) = 13*r**3 - 1 + r - 4 + 4. Suppose 4*f + 12 = -2*k, 48*f - 43*f - 8*k - 69 = 0. Give x(f).
13
Let p(s) be the first derivative of -s**4/4 + 7*s**3/3 - s**2/2 - 14*s - 390. Calculate p(5).
31
Let l(o) = -9*o - 89. Suppose 0 = 5*z + 5*k + 65, 4*z + 46 = -0*z - 2*k. Calculate l(z).
1
Let z(u) be the second derivative of -u**5/20 - 7*u**4/3 + 31*u**3/3 + 59*u**2/2 - 1156*u. What is z(-30)?
-1
Let s = 358 + -365. Let a be (-1 + -15)/(14/s). Let f(n) = n**2 - 8*n - 2. Give f(a).
-2
Let c be ((-1)/(-3))/((-2)/(-582)*1). Let k = 103 - c. Let g(y) = -2 + 15*y - 10*y - k*y. Give g(-8).
6
Suppose -45*o - 11008 = -10873. Let y(g) = 4*g**3 - 5*g**2 - 7*g. What is y(o)?
-132
Let o = 16 + -60. Let g = o - -46. Let v(s) = -s**2 + 3. Let t be v(g). Let u(h) = -5*h**2 - 1. Calculate u(t).
-6
Let g be ((-6)/(-15))/((-2)/(-20)). Let y(m) be the third derivative of -m**5/60 + m**4/6 - m**3/6 - 5*m**2 - 85*m - 4. Give y(g).
-1
Let f(z) = -z + 2. Let l(j) = j**3 + 4*j**2 + 3*j + 4. Let q be l(-4). Let x(o) = o + 15. Let k be x(q). Suppose -h = -3*g + k, 2*g = 3*g - 2*h + 6. Give f(g).
-2
Let m(j) = 3*j**2 + 20*j - 46. Let u = -918 - -920. Determine m(u).
6
Let p(g) = 37 - 113 - 13*g + 18*g + 45 + 44. Calculate p(0).
13
Let d(x) = x - 6. Let l(k) = -262*k**3 - k**2 - 4*k + 5. Let y be l(1). Let h = 269 + y. What is d(h)?
1
Let h(f) = -71*f + 180. Let a(i) = -197*i + 540. Let t(w) = -4*a(w) + 11*h(w). Calculate t(27).
9
Let o(x) = 2*x**2 - 4*x + 8. Let i(p) = 11*p**2 - 40*p + 92. Let k(h) = i(h) - 5*o(h). Calculate k(18).
16
Let n(s) be the first derivative of 9*s**2/2 - 96*s - 1464. What is n(10)?
-6
Suppose -5*v - 55 = -0*v. Let b(d) = 652*d - 1460*d + 809*d. Give b(v).
-11
Let q(o) be the second derivative of o**4/12 + 5*o**3/6 - o**2 + 101*o. Suppose -v - 3*j - 57 = v, 4*v - 3*j + 69 = 0. Let w = v - -15. Calculate q(w).
4
Let r(q) be the second derivative of q**5/20 - q**4/3 + q**3/6 + 2*q**2 + 14*q. Let o be ((-16)/3 + 5)*(-9)/6*8. What is r(o)?
8
Let i(f) be the first derivative of f**3/3 + 21*f**2/2 + 62*f - 4587. Calculate i(-17).
-6
Let x(k) = -31*k - 4. Let p be x(-6). Let b = -151 + p. Let z(l) = -62*l + 2 + b*l + 30*l - 8. Determine z(-3).
-3
Let d(g) = -4*g - 18. Let q be d(-5). Suppose -q*w - 13 - 109 = 0. Let o = 66 + w. Let j(v) = -v + 3. Calculate j(o).
-2
Let m(g) = -12*g - 13. Let d be m(-2). Let w(a) = -7*a + 8. Let u(f) = -13*f + 16. Let q(v) = d*w(v) - 6*u(v). What is q(7)?
-1
Suppose 7*n - 4*i = 11*n + 12, n - 3 = 5*i. Let b be (-250)/75*(-3)/n. Let j(t) be the third derivative of t**4/8 - t**3/6 - 67*t**2. Give j(b).
-16
Let s(b) = b**2 + b + 4. Let z(t) = 4*t**2 - 8*t + 25. Let m(h) = -5*s(h) + z(h). Suppose 0 = -2*j - 5*d - 26, 2*j + 31 = 4*d + 5. Give m(j).
5
Let p = -47 + 55. Suppose -11*z + p*z + 9 = 0. Let s(u) be the third derivative of -u**4/12 - u**3/3 - 3*u**2. Calculate s(z).
-8
Let v(z) = -z**2 + 5*z. Let a be -3 - 186/(-26) - (-6)/(-39). Suppose 3*s - a - 8 = 0. Determine v(s).
4
Let z be -5 + 2/(-1) + 2. Let f(t) be the third derivative of t**5/60 + 5*t**4/24 + t**3/2 + 103*t**2 - 4*t - 3. Determine f(z).
3
Let y be -4*(-6)/(-20)*(-1700)/510. Let v(n) = -5*n**2 - n + 5. Calculate v(y).
-79
Suppose 2*b - 10 = 4*p, -b = -3*b - 5*p - 26. Let f(i) = 2*i - 15. Let j(h) = h - 15. Let d(q) = b*j(q) + 2*f(q). Determine d(0).
15
Let b(m) = m + 13. Let y be b(16). Suppose 40 = h + y. Let t(z) = -z**3 + z**2 + 0*z**3 + 3*z**2 + 10 - h*z + 4*z**2. Calculate t(7).
-18
Let c(d) = -d**2 + 7*d. Suppose 42*x = 33*x + 126. Let t be x/91 + (-89)/(-13). What is c(t)?
0
Let f(v) be the third derivative of v**6/120 + 13*v**5/60 - 7*v**4/12 - 7*v**3/6 - 48*v**2 - 7. Give f(-14).
-7
Let i(z) = 1464*z + 116. Let p(t) = -72*t + 1. Let b(s) = -i(s) - 20*p(s). Determine b(-6).
8
Let v(q) = 23*q + 69*q - 3 + 5*q**3 - q**2 - 97*q. Determine v(-2).
-37
Let q(k) = k**3 - 32*k**2 + 54*k - 11. Let s(c) = 2*c**3 - 68*c**2 + 109*c - 23. Let l(i) = -7*q(i) + 3*s(i). Give l(17).
8
Let i(t) = 3*t + 44. Suppose -32*k + 581 = 965. Give i(k).
8
Let y(q) be the first derivative of q**3/3 - 6*q**2 + 5*q + 12723. Suppose 4*f = 2*f + 24. What is y(f)?
5
Let h(p) = -8*p**2 + 2*p - 2. Let w be -18 + 4 + (26 - 7). Suppose -a = -3*a. Suppose 4*v + a*v + 3*d - 8 = 0, 0 = w*d. Give h(v).
-30
Let g(j) be the first derivative of -j**3/3 - 4*j**2 + 2*j - 918. Determine g(-9).
-7
Let x(a) = -a**3 - 5*a**2 - 5*a + 1. Let u be 324/135 - (6/(-15))/(-1). Suppose -76 = -3*i - 5*g - 68, -u*g = 5*i + 12. What is x(i)?
5
Let s(f) = 34*f + 1 - 22*f + 3*f. Let b(z) = 41*z + 2. Let t(k) = -4*b(k) + 11*s(k). Calculate t(8).
11
Let t be (8/7)/((-6)/(-21)). Let o be (-102)/(-12) - 6/t. Let n be (1 + -2)*(-5 + o). Let h(f) = -f**3 + 2*f + 3. Give h(n).
7
Let l(j) be the first derivative of -22*j - 182 + 1/4*j**4 + 17/2*j**2 - 16/3*j**3. Determine l(15).
8
Let b(n) = -n - 4. Suppose -8*f + 109 - 13 = 0. Let t(k) = 2*k - 14. Let j be t(f). Suppose 9*g - 6 = j*g. What is b(g)?
2
Let z(v) be the third derivative of 3*v**4/8 + 367*v**3/6 + 10*v**2 + 115*v. Determine z(-41).
-2
Let x(l) = -3*l - 5 + 0*l**3 + 2*l**3 - 2*l**2 + l**2 + 15*l**3. Let z(t) = -18*t**3 + t**2 + 2*t + 4. Let m(n) = 3*x(n) + 4*z(n). Calculate m(1).
-20
Let a(u) = -u**3 + 12*u**2 - 11*u - 10. Let w(g) = -g**2 + 7*g + 41. Let z(s) = 2*s**2 + 17*s + 1. Let v be z(-9). Let l be w(v). Determine a(l).
-10
Let y(x) = -13*x**2 + 17*x - 39. Let u(i) = 38*i**2 - 49*i + 113. Let b(d) = -9*u(d) - 26*y(d). Determine b(4).
-71
Let q(n) = -1017*n + 1010*n - 96*n**2 + 98*n**2 - 24. Give q(-4).
36
Suppose -4*q - 8 = -1504*v + 1509*v, 4*v = 5*q + 51. Let n(d) = 2*d + 34. What is n(q)?
20
Suppose 5 